me factors of t?
127
Let o be (1 + 1)*-2*2. Let s = -6 - o. List the prime factors of (-55)/(-3) + s/(-6).
2, 3
Let r = -3 + -8. Let g = 24 + r. What are the prime factors of g?
13
Let h be (2 - 1) + (1 - -29). Suppose 2*r - 4*g - 1 = h, 41 = 5*r + 3*g. What are the prime factors of r?
2, 5
Let y(q) be the second derivative of q**4/4 - q**2/2 + 2*q. Let v be y(-1). Suppose 0 = 3*z + 5*t + 14, -2*z + v*t + 12 = -0*t. What are the prime factors of z?
2
Suppose 0 = -2*u - 4*y - 43 - 29, 2*u + y + 69 = 0. Let n = u - -49. Let b = n - 6. List the prime factors of b.
3
Let h(i) be the second derivative of i**6/360 + i**5/120 + i**4/12 + 3*i. Let j(m) be the third derivative of h(m). What are the prime factors of j(5)?
11
Let u = -6 - -2. Let z(b) = 2*b**2 + 2*b - 4. What are the prime factors of z(u)?
2, 5
Suppose -15 = -3*w - 3. Suppose 118 = 5*a + w*s, 0*s = -3*a - 2*s + 70. List the prime factors of a.
2, 11
Suppose -1 = 5*m - 4*k, 2 + 24 = 2*m + 5*k. What are the prime factors of m/3 - (0 - 13)?
2, 7
List the prime factors of 3/2*18*(9 - 6).
3
Suppose 7 = m - j + 3, j + 4 = -5*m. Suppose 12 = 3*w - m. Suppose -4*d - 2 = -k - 2*d, -4*k + 56 = w*d. What are the prime factors of k?
2, 5
Suppose 151 = -5*z + 641. Suppose -4*v + z = 3*l - 33, -15 = -3*l. Suppose -v = -p - 11. List the prime factors of p.
2, 3
Suppose n = -n + 10. Let p = 11 - n. Let x(j) = 3*j + 3. List the prime factors of x(p).
3, 7
Suppose 5*b - 2 = 3. Let z be b/(-1)*(-2 - -5). Let m = 0 - z. What are the prime factors of m?
3
Let v = -4 - -7. Let r be -3*(1 - 6/v). Suppose -r*g + 20 = g. What are the prime factors of g?
5
Suppose f - 3*t + 27 = 3*f, -30 = -3*f - t. What are the prime factors of f?
3
Suppose 0 = -x - 137 - 43. List the prime factors of 2 - x/4 - -4.
3, 17
Let k(b) = -b**2 - 2*b. Let u be k(-3). Let f = 6 - u. What are the prime factors of f?
3
Let d(w) = -6*w + w**3 + 12*w**2 + 8*w + 7*w - 1. Let p be d(-11). Suppose s - p = r, s - r = -5*r + 1. List the prime factors of s.
17
Suppose -3*p = -0*p - 93. Suppose -3*k = -88 + p. List the prime factors of k.
19
Let m be 80/14 - (-8)/28. What are the prime factors of (54 - 9)*2/m?
3, 5
Let i(n) = -3*n - 5. Let k(l) = -l**3 - 2*l**2 + 5*l + 2. Let g be k(-3). What are the prime factors of i(g)?
7
Let y(q) = -q**3 - 13*q**2 + 10*q - 10. What are the prime factors of y(-14)?
2, 23
Let i = 5 + -4. List the prime factors of i/(3 - 280/94).
47
Suppose 6*c - 3*c - 12 = 0. Suppose -5*t + 10 = 0, -c*m + 3*t - t + 12 = 0. What are the prime factors of m?
2
Let s = -4 + 9. Suppose s*j + 141 = -9. Let a = 45 + j. What are the prime factors of a?
3, 5
Let r(w) = -4*w**2 - 6*w + 1. Let k be r(-5). List the prime factors of 2*(k/(-6) - 3).
17
Let t(u) = -u**3 + 2*u**2 + 9*u + 7. List the prime factors of t(-6).
241
Let a = 28 + 85. What are the prime factors of a?
113
Suppose -3 = 5*j + 7. Let c(x) = x**3 + 4*x**2 + 4*x + 2. Let a be c(j). Suppose -12 = -0*l - a*l. What are the prime factors of l?
2, 3
Let x(t) = 18*t**3 + t**2 + t - 1. Let b be x(1). Let f = b - 10. List the prime factors of f.
3
Suppose 3*v + 228 = 5*v. What are the prime factors of v/(2 - -1) - 0?
2, 19
List the prime factors of 56 - (-3 - 4/4).
2, 3, 5
Let h = 86 - -74. What are the prime factors of h?
2, 5
Suppose -3*i = 2*m - 324, i + m + 3*m - 118 = 0. What are the prime factors of i?
2, 53
Let z = -163 - -62. Let w = -58 - z. What are the prime factors of w?
43
Let p be -1 + 1 + (21 - 2). Suppose -4*m - l + 3*l = -8, 0 = -2*m + 3*l. Let d = p - m. What are the prime factors of d?
2
Suppose -2*u - u = -18. Suppose y - 14 = u. What are the prime factors of y?
2, 5
Let y(o) = 7. Let d(x) = -x - 1. Let z = 9 + -10. Let t(g) = z*y(g) - 4*d(g). List the prime factors of t(3).
3
Suppose -2*f + 4 + 0 = 0. Suppose -6*w + 2*w = -f*q - 122, w - 48 = 4*q. List the prime factors of w.
2, 7
Suppose u + 363 = 5*v, -v + 0*u + 69 = u. Suppose 0 = 5*d + 7 - v. What are the prime factors of d?
13
Let z = -19 + 32. Suppose -3*w - 29 = -2*n, -6*w = -5*w - 4*n + z. Let m = w + 24. What are the prime factors of m?
3, 5
Suppose -5 = -5*t + 25. What are the prime factors of t/14 - 436/(-28)?
2
Let z(r) = -r**2 - 5*r - 1. Let c be z(-4). Suppose -9 + 0 = -c*i. List the prime factors of i.
3
Let j = 14 - -73. List the prime factors of j.
3, 29
Let o(r) = -r**3 + 10*r**2 - 9*r + 10. List the prime factors of o(9).
2, 5
Let m(q) = -q**3 - 8*q**2 - 3*q + 10. Let h be m(-7). Let r = h + 47. What are the prime factors of r?
29
Suppose -4*s + 130 = 50. List the prime factors of s.
2, 5
Let t(j) = j**3 + 3*j - 4 + j**2 + 0*j + 5*j**2. Let z be t(-5). Let r = z + -3. List the prime factors of r.
3
Let s(z) = 14*z**2 + 1. Suppose 3 = -6*f + 3*f. What are the prime factors of s(f)?
3, 5
Let u be ((-63)/(-28))/(2/(-16)). Let x be (-142)/12 + 3/u. Let d = 9 - x. List the prime factors of d.
3, 7
Suppose 3*v - 18 = -0*v. List the prime factors of v.
2, 3
Suppose -4*c + 2*x = -26, -2 = 2*x - 4. Suppose 4*a = -1 - c. Let t = 0 - a. List the prime factors of t.
2
Let l(o) = o**3 - 4*o**2 + 4*o - 3. Let w be l(3). Suppose 0 = -w*k + 5*k - 5*y - 190, 2*k = -4*y + 46. What are the prime factors of k?
3, 11
Let t = -20 - -17. Let s be ((-2)/(-4))/(1/2). Let b = s - t. What are the prime factors of b?
2
Suppose -l = -0*l - 33. Suppose 4*g - 67 = l. What are the prime factors of g?
5
Let b(v) = v - 1. Let l(f) = f. Let t(n) = 3*b(n) - 2*l(n). Let c be t(11). Suppose -c = 4*g - 28. What are the prime factors of g?
5
Let w(d) = 20*d + 19. What are the prime factors of w(10)?
3, 73
Suppose -2*r = v + 3, -8*r + 3*r = 4*v + 9. Let j = -87 + 61. What are the prime factors of -1*3 + (r - j)?
2, 11
Let q(x) = x**2 - 16*x + 25. What are the prime factors of q(25)?
2, 5
Let z = 5 - -11. List the prime factors of z.
2
Suppose -4*z + 3 = -z. List the prime factors of (z - 0 - 2)*-3.
3
Let y be ((-4)/(-5))/((-3)/(-195)). Suppose 6 - 34 = -4*k + 2*o, 4*k + 4*o - y = 0. What are the prime factors of k?
3
Let z(f) be the third derivative of 3/2*f**3 + 0*f + f**2 + 0 + 1/24*f**4. List the prime factors of z(-7).
2
Let w = 93 + -67. List the prime factors of w.
2, 13
Let m(h) = -h**3 + 5*h**2 + 6*h + 2. Let b(t) = 2*t**2 - 4*t. Let q be b(3). Let s be m(q). Suppose -s*g - 5 + 17 = 0. What are the prime factors of g?
2, 3
Let p = -114 - -291. What are the prime factors of p?
3, 59
Let o = 177 - 103. What are the prime factors of o?
2, 37
Suppose 3*m + 4 = -2. What are the prime factors of (1 - (m + 4)) + 7?
2, 3
Let l(a) = a**3 - 4*a**2 + 3*a - 17. What are the prime factors of l(7)?
151
Suppose -16 = -4*p, 14 - 2 = 4*u - p. Suppose 0 = t + 3*c - u*c - 15, t - 9 = -5*c. What are the prime factors of t?
2, 7
Let y(u) = 15. Let z(s) = s + 1. Let b(m) = 2*m + 1. Let f(i) = -2*b(i) + 3*z(i). Let c(p) = -f(p) + y(p). List the prime factors of c(-9).
5
Suppose 2*k = 38 + 46. Suppose k + 3 = 5*p. What are the prime factors of p?
3
Suppose o = -2*o - 2*w + 344, 5*w - 356 = -3*o. What are the prime factors of o?
2, 7
List the prime factors of 5/((6/3)/16).
2, 5
Suppose -3*g - 4*k = 4, g - 2 + 7 = -5*k. Suppose g = -0*b - 5*b + 50. List the prime factors of b.
2, 5
Let q be 5*-1*(-2 - -1). Suppose 5*c = 3*g - g - 22, -q*c - 10 = 0. Let w = g + -4. List the prime factors of w.
2
Let r = 0 + -1. Let x be -4 + r + 0 + 2. Let d(y) = -y**3 - 2*y**2 - 2. List the prime factors of d(x).
7
Let y(g) = 45*g - 67. List the prime factors of y(8).
293
Let s be (-1358)/(-21) + (-2)/(-6). Suppose -11 = 3*o - s. List the prime factors of o.
2, 3
Let p(g) = 6*g + 2. Let s = 17 + -14. What are the prime factors of p(s)?
2, 5
Let h(f) = -f**2 + 16*f - 2. Let j be h(11). Suppose j + 17 = 5*r. List the prime factors of r.
2, 7
Let r = -5 + 6. List the prime factors of r/(3*3/36).
2
Let j be 1 + 5/(10/28). Let a = -11 + j. Suppose 0 = -5*m - 25, 5*r = -a*m + 5 - 0. What are the prime factors of r?
5
List the prime factors of 3*(4 + -5) - -93.
2, 3, 5
Suppose l = y - 25 - 98, 2 = -l. List the prime factors of y.
11
Suppose -5*y + 778 = 4*s - 2*s, -2*y = -2*s - 300. List the prime factors of y.
2, 7, 11
Let k(t) = -t + 3. Let g be k(2). Let c(f) = 8*f**3 - f**2 - f + 1. List the prime factors of c(g).
7
Let a(r) = r + 4. Let u(h) = 2*h + 7. Let v(w) = 3